{"id":5339,"date":"2023-08-31T16:26:43","date_gmt":"2023-08-31T14:26:43","guid":{"rendered":"https:\/\/www.bottegaveraorvieto.it\/prodotto\/solaia-2015-marchesi-antinori\/"},"modified":"2023-08-31T16:26:43","modified_gmt":"2023-08-31T14:26:43","slug":"solaia-2015-marchesi-antinori","status":"publish","type":"product","link":"https:\/\/www.bottegaveraorvieto.it\/en\/product\/solaia-2015-marchesi-antinori\/","title":{"rendered":"SOLAIA 2015 &#8211; Marchesi Antinori"},"content":{"rendered":"Il pi\u00f9 grande e blasonato produttore italiano. La storia della cantina dei Marchesi Antinori risale al 1385 e nel corso degli anni \u00e8 stata sempre il fiore all\u2019occhiello della produzione vinicola nazionale. Grazie\u00a0 alla sua valorizzazione dei vitigni autoctoni come il Sangiovese, sapientemente tagliato con uve internazionali, si \u00e8 reso il principale responabile del rinascimento dell\u2019enologia italiana a partire dagli anni 80. La sua gamma di vini \u00e8 sempre ineccepibile, spaziando da vini quotidiani sempre impeccabili e deliziosi a grandissimi vini superpremium di enorme prestigio internazionale.<br>\r\n<strong>IL VINO:<\/strong>\r\nSolaia \u00e9 un vino mitico, uno dei pi\u00f9 famosi rossi della immensa corte di sua maest\u00e0 Antinori. Proveniente dalla celebre Tenuta Tignanello \u00e8 stato lanciato nel 1978, causando da subito grande clamore nel mondo enologico. Ad un taglio tipicamente bordolese inizialmente pensato con le sole\u00a0Cabernet Sauvignon e Cabernet Franc \u00e8 stato aggiunto in seguito un 20% di Sangiovese. Il resto \u00e8 storia.<br>\r\n\r\n<strong>L\u2019annata 2015 \u00e8 da ritenersi una delle migliori di sempre ed ha ricevuto il massimo punteggio di 100\/100 da Robert Parker e James Suckling. Assolutamente imperdibile.<\/strong><br>\r\n\r\nSolaia 2015 si presenta di un colore rosso rubino molto intenso con riflessi violacei. Ottima l\u2019espressione e la complessit\u00e0 aromatica: al naso spiccano intense note di confettura di prugna e di frutta scura matura come mora, mirtillo e ribes nero. Perfettamente integrati gli evidenti aromi di cioccolato e liquirizia che lasciano spazio sul finale ad una sensazione di menta capace di donare al bouquet una gradevole freschezza. Al palato il vino \u00e8 armonioso, con un\u2019ottima e bilanciata struttura; la rotondit\u00e0 e la dolcezza dei tannini lo rendono compatto, elegante, con un finale estremamente lungo ed un retrogusto speziato molto persistente.<br>\r\n<strong>ABBINAMENTI:<\/strong>\r\nVino per occasioni importanti e pasti elaborati. Accompagna superbamente carni rosse, selvaggina, formaggi maturi.<br>","protected":false},"excerpt":{"rendered":"<div>\n<h4>SOLAIA 2015 <br \/> Marchesi Antinori<\/h4>\n<\/div>\n","protected":false},"featured_media":5037,"template":"","meta":{"_mbp_gutenberg_autopost":false},"product_brand":[],"product_cat":[65],"product_tag":[],"class_list":{"0":"post-5339","1":"product","2":"type-product","3":"status-publish","4":"has-post-thumbnail","6":"product_cat-wines-and-bubbles","8":"first","9":"instock","10":"taxable","11":"shipping-taxable","12":"purchasable","13":"product-type-simple"},"yoast_head":"<!-- This site is optimized with the Yoast SEO plugin v27.3 - https:\/\/yoast.com\/product\/yoast-seo-wordpress\/ -->\n<title>SOLAIA 2015 - Marchesi Antinori - Bottega Vera Orvieto<\/title>\n<meta name=\"robots\" content=\"index, follow, max-snippet:-1, max-image-preview:large, max-video-preview:-1\" \/>\n<link rel=\"canonical\" href=\"https:\/\/www.bottegaveraorvieto.it\/en\/prodotto\/solaia-2015-marchesi-antinori\/\" \/>\n<meta property=\"og:locale\" content=\"en_US\" \/>\n<meta property=\"og:type\" content=\"article\" \/>\n<meta property=\"og:title\" content=\"SOLAIA 2015 - Marchesi Antinori - Bottega Vera Orvieto\" \/>\n<meta property=\"og:description\" content=\"SOLAIA 2015 Marchesi Antinori\" \/>\n<meta property=\"og:url\" content=\"https:\/\/www.bottegaveraorvieto.it\/en\/prodotto\/solaia-2015-marchesi-antinori\/\" \/>\n<meta property=\"og:site_name\" content=\"Bottega Vera Orvieto\" \/>\n<meta property=\"article:publisher\" content=\"https:\/\/www.facebook.com\/Bottegaveraorvieto\/\" \/>\n<meta name=\"twitter:card\" content=\"summary_large_image\" \/>\n<meta name=\"twitter:label1\" content=\"Est. reading time\" \/>\n\t<meta name=\"twitter:data1\" content=\"1 minute\" \/>\n<script type=\"application\/ld+json\" class=\"yoast-schema-graph\">{\"@context\":\"https:\\\/\\\/schema.org\",\"@graph\":[{\"@type\":\"WebPage\",\"@id\":\"https:\\\/\\\/www.bottegaveraorvieto.it\\\/en\\\/prodotto\\\/solaia-2015-marchesi-antinori\\\/\",\"url\":\"https:\\\/\\\/www.bottegaveraorvieto.it\\\/en\\\/prodotto\\\/solaia-2015-marchesi-antinori\\\/\",\"name\":\"SOLAIA 2015 - Marchesi Antinori - Bottega Vera Orvieto\",\"isPartOf\":{\"@id\":\"https:\\\/\\\/www.bottegaveraorvieto.it\\\/#website\"},\"primaryImageOfPage\":{\"@id\":\"https:\\\/\\\/www.bottegaveraorvieto.it\\\/en\\\/prodotto\\\/solaia-2015-marchesi-antinori\\\/#primaryimage\"},\"image\":{\"@id\":\"https:\\\/\\\/www.bottegaveraorvieto.it\\\/en\\\/prodotto\\\/solaia-2015-marchesi-antinori\\\/#primaryimage\"},\"thumbnailUrl\":\"https:\\\/\\\/www.bottegaveraorvieto.it\\\/wp-content\\\/uploads\\\/2023\\\/08\\\/solaia-2015.jpg\",\"datePublished\":\"2023-08-31T14:26:43+00:00\",\"breadcrumb\":{\"@id\":\"https:\\\/\\\/www.bottegaveraorvieto.it\\\/en\\\/prodotto\\\/solaia-2015-marchesi-antinori\\\/#breadcrumb\"},\"inLanguage\":\"en-US\",\"potentialAction\":[{\"@type\":\"ReadAction\",\"target\":[\"https:\\\/\\\/www.bottegaveraorvieto.it\\\/en\\\/prodotto\\\/solaia-2015-marchesi-antinori\\\/\"]}]},{\"@type\":\"ImageObject\",\"inLanguage\":\"en-US\",\"@id\":\"https:\\\/\\\/www.bottegaveraorvieto.it\\\/en\\\/prodotto\\\/solaia-2015-marchesi-antinori\\\/#primaryimage\",\"url\":\"https:\\\/\\\/www.bottegaveraorvieto.it\\\/wp-content\\\/uploads\\\/2023\\\/08\\\/solaia-2015.jpg\",\"contentUrl\":\"https:\\\/\\\/www.bottegaveraorvieto.it\\\/wp-content\\\/uploads\\\/2023\\\/08\\\/solaia-2015.jpg\",\"width\":133,\"height\":380},{\"@type\":\"BreadcrumbList\",\"@id\":\"https:\\\/\\\/www.bottegaveraorvieto.it\\\/en\\\/prodotto\\\/solaia-2015-marchesi-antinori\\\/#breadcrumb\",\"itemListElement\":[{\"@type\":\"ListItem\",\"position\":1,\"name\":\"Home\",\"item\":\"https:\\\/\\\/www.bottegaveraorvieto.it\\\/en\\\/\"},{\"@type\":\"ListItem\",\"position\":2,\"name\":\"SOLAIA 2015 &#8211; Marchesi Antinori\"}]},{\"@type\":\"WebSite\",\"@id\":\"https:\\\/\\\/www.bottegaveraorvieto.it\\\/#website\",\"url\":\"https:\\\/\\\/www.bottegaveraorvieto.it\\\/\",\"name\":\"Bottega Vera Orvieto\",\"description\":\"\",\"publisher\":{\"@id\":\"https:\\\/\\\/www.bottegaveraorvieto.it\\\/#organization\"},\"potentialAction\":[{\"@type\":\"SearchAction\",\"target\":{\"@type\":\"EntryPoint\",\"urlTemplate\":\"https:\\\/\\\/www.bottegaveraorvieto.it\\\/?s={search_term_string}\"},\"query-input\":{\"@type\":\"PropertyValueSpecification\",\"valueRequired\":true,\"valueName\":\"search_term_string\"}}],\"inLanguage\":\"en-US\"},{\"@type\":\"Organization\",\"@id\":\"https:\\\/\\\/www.bottegaveraorvieto.it\\\/#organization\",\"name\":\"Bottega V\u00e8ra\",\"url\":\"https:\\\/\\\/www.bottegaveraorvieto.it\\\/\",\"logo\":{\"@type\":\"ImageObject\",\"inLanguage\":\"en-US\",\"@id\":\"https:\\\/\\\/www.bottegaveraorvieto.it\\\/#\\\/schema\\\/logo\\\/image\\\/\",\"url\":\"https:\\\/\\\/www.bottegaveraorvieto.it\\\/wp-content\\\/uploads\\\/2023\\\/09\\\/40007778_834510616745002_8068869022210326528_n.jpg\",\"contentUrl\":\"https:\\\/\\\/www.bottegaveraorvieto.it\\\/wp-content\\\/uploads\\\/2023\\\/09\\\/40007778_834510616745002_8068869022210326528_n.jpg\",\"width\":1000,\"height\":667,\"caption\":\"Bottega V\u00e8ra\"},\"image\":{\"@id\":\"https:\\\/\\\/www.bottegaveraorvieto.it\\\/#\\\/schema\\\/logo\\\/image\\\/\"},\"sameAs\":[\"https:\\\/\\\/www.facebook.com\\\/Bottegaveraorvieto\\\/\",\"https:\\\/\\\/www.instagram.com\\\/bottegaveraorvieto\\\/\"]}]}<\/script>\n<!-- \/ Yoast SEO plugin. -->","yoast_head_json":{"title":"SOLAIA 2015 - Marchesi Antinori - Bottega Vera Orvieto","robots":{"index":"index","follow":"follow","max-snippet":"max-snippet:-1","max-image-preview":"max-image-preview:large","max-video-preview":"max-video-preview:-1"},"canonical":"https:\/\/www.bottegaveraorvieto.it\/en\/prodotto\/solaia-2015-marchesi-antinori\/","og_locale":"en_US","og_type":"article","og_title":"SOLAIA 2015 - Marchesi Antinori - Bottega Vera Orvieto","og_description":"SOLAIA 2015 Marchesi Antinori","og_url":"https:\/\/www.bottegaveraorvieto.it\/en\/prodotto\/solaia-2015-marchesi-antinori\/","og_site_name":"Bottega Vera Orvieto","article_publisher":"https:\/\/www.facebook.com\/Bottegaveraorvieto\/","twitter_card":"summary_large_image","twitter_misc":{"Est. reading time":"1 minute"},"schema":{"@context":"https:\/\/schema.org","@graph":[{"@type":"WebPage","@id":"https:\/\/www.bottegaveraorvieto.it\/en\/prodotto\/solaia-2015-marchesi-antinori\/","url":"https:\/\/www.bottegaveraorvieto.it\/en\/prodotto\/solaia-2015-marchesi-antinori\/","name":"SOLAIA 2015 - Marchesi Antinori - Bottega Vera Orvieto","isPartOf":{"@id":"https:\/\/www.bottegaveraorvieto.it\/#website"},"primaryImageOfPage":{"@id":"https:\/\/www.bottegaveraorvieto.it\/en\/prodotto\/solaia-2015-marchesi-antinori\/#primaryimage"},"image":{"@id":"https:\/\/www.bottegaveraorvieto.it\/en\/prodotto\/solaia-2015-marchesi-antinori\/#primaryimage"},"thumbnailUrl":"https:\/\/www.bottegaveraorvieto.it\/wp-content\/uploads\/2023\/08\/solaia-2015.jpg","datePublished":"2023-08-31T14:26:43+00:00","breadcrumb":{"@id":"https:\/\/www.bottegaveraorvieto.it\/en\/prodotto\/solaia-2015-marchesi-antinori\/#breadcrumb"},"inLanguage":"en-US","potentialAction":[{"@type":"ReadAction","target":["https:\/\/www.bottegaveraorvieto.it\/en\/prodotto\/solaia-2015-marchesi-antinori\/"]}]},{"@type":"ImageObject","inLanguage":"en-US","@id":"https:\/\/www.bottegaveraorvieto.it\/en\/prodotto\/solaia-2015-marchesi-antinori\/#primaryimage","url":"https:\/\/www.bottegaveraorvieto.it\/wp-content\/uploads\/2023\/08\/solaia-2015.jpg","contentUrl":"https:\/\/www.bottegaveraorvieto.it\/wp-content\/uploads\/2023\/08\/solaia-2015.jpg","width":133,"height":380},{"@type":"BreadcrumbList","@id":"https:\/\/www.bottegaveraorvieto.it\/en\/prodotto\/solaia-2015-marchesi-antinori\/#breadcrumb","itemListElement":[{"@type":"ListItem","position":1,"name":"Home","item":"https:\/\/www.bottegaveraorvieto.it\/en\/"},{"@type":"ListItem","position":2,"name":"SOLAIA 2015 &#8211; Marchesi Antinori"}]},{"@type":"WebSite","@id":"https:\/\/www.bottegaveraorvieto.it\/#website","url":"https:\/\/www.bottegaveraorvieto.it\/","name":"Bottega Vera Orvieto","description":"","publisher":{"@id":"https:\/\/www.bottegaveraorvieto.it\/#organization"},"potentialAction":[{"@type":"SearchAction","target":{"@type":"EntryPoint","urlTemplate":"https:\/\/www.bottegaveraorvieto.it\/?s={search_term_string}"},"query-input":{"@type":"PropertyValueSpecification","valueRequired":true,"valueName":"search_term_string"}}],"inLanguage":"en-US"},{"@type":"Organization","@id":"https:\/\/www.bottegaveraorvieto.it\/#organization","name":"Bottega V\u00e8ra","url":"https:\/\/www.bottegaveraorvieto.it\/","logo":{"@type":"ImageObject","inLanguage":"en-US","@id":"https:\/\/www.bottegaveraorvieto.it\/#\/schema\/logo\/image\/","url":"https:\/\/www.bottegaveraorvieto.it\/wp-content\/uploads\/2023\/09\/40007778_834510616745002_8068869022210326528_n.jpg","contentUrl":"https:\/\/www.bottegaveraorvieto.it\/wp-content\/uploads\/2023\/09\/40007778_834510616745002_8068869022210326528_n.jpg","width":1000,"height":667,"caption":"Bottega V\u00e8ra"},"image":{"@id":"https:\/\/www.bottegaveraorvieto.it\/#\/schema\/logo\/image\/"},"sameAs":["https:\/\/www.facebook.com\/Bottegaveraorvieto\/","https:\/\/www.instagram.com\/bottegaveraorvieto\/"]}]}},"_links":{"self":[{"href":"https:\/\/www.bottegaveraorvieto.it\/en\/wp-json\/wp\/v2\/product\/5339","targetHints":{"allow":["GET"]}}],"collection":[{"href":"https:\/\/www.bottegaveraorvieto.it\/en\/wp-json\/wp\/v2\/product"}],"about":[{"href":"https:\/\/www.bottegaveraorvieto.it\/en\/wp-json\/wp\/v2\/types\/product"}],"version-history":[{"count":0,"href":"https:\/\/www.bottegaveraorvieto.it\/en\/wp-json\/wp\/v2\/product\/5339\/revisions"}],"wp:featuredmedia":[{"embeddable":true,"href":"https:\/\/www.bottegaveraorvieto.it\/en\/wp-json\/wp\/v2\/media\/5037"}],"wp:attachment":[{"href":"https:\/\/www.bottegaveraorvieto.it\/en\/wp-json\/wp\/v2\/media?parent=5339"}],"wp:term":[{"taxonomy":"product_brand","embeddable":true,"href":"https:\/\/www.bottegaveraorvieto.it\/en\/wp-json\/wp\/v2\/product_brand?post=5339"},{"taxonomy":"product_cat","embeddable":true,"href":"https:\/\/www.bottegaveraorvieto.it\/en\/wp-json\/wp\/v2\/product_cat?post=5339"},{"taxonomy":"product_tag","embeddable":true,"href":"https:\/\/www.bottegaveraorvieto.it\/en\/wp-json\/wp\/v2\/product_tag?post=5339"}],"curies":[{"name":"wp","href":"https:\/\/api.w.org\/{rel}","templated":true}]}}

Il più grande e blasonato produttore italiano. La storia della cantina dei Marchesi Antinori risale al 1385 e nel corso degli anni è stata sempre il fiore all’occhiello della produzione vinicola nazionale. Grazie  alla sua valorizzazione dei vitigni autoctoni come il Sangiovese, sapientemente tagliato con uve internazionali, si è reso il principale responabile del rinascimento dell’enologia italiana a partire dagli anni 80. La sua gamma di vini è sempre ineccepibile, spaziando da vini quotidiani sempre impeccabili e deliziosi a grandissimi vini superpremium di enorme prestigio internazionale.<br>
<strong>IL VINO:</strong>
Solaia é un vino mitico, uno dei più famosi rossi della immensa corte di sua maestà Antinori. Proveniente dalla celebre Tenuta Tignanello è stato lanciato nel 1978, causando da subito grande clamore nel mondo enologico. Ad un taglio tipicamente bordolese inizialmente pensato con le sole Cabernet Sauvignon e Cabernet Franc è stato aggiunto in seguito un 20% di Sangiovese. Il resto è storia.<br>

<strong>L’annata 2015 è da ritenersi una delle migliori di sempre ed ha ricevuto il massimo punteggio di 100/100 da Robert Parker e James Suckling. Assolutamente imperdibile.</strong><br>

Solaia 2015 si presenta di un colore rosso rubino molto intenso con riflessi violacei. Ottima l’espressione e la complessità aromatica: al naso spiccano intense note di confettura di prugna e di frutta scura matura come mora, mirtillo e ribes nero. Perfettamente integrati gli evidenti aromi di cioccolato e liquirizia che lasciano spazio sul finale ad una sensazione di menta capace di donare al bouquet una gradevole freschezza. Al palato il vino è armonioso, con un’ottima e bilanciata struttura; la rotondità e la dolcezza dei tannini lo rendono compatto, elegante, con un finale estremamente lungo ed un retrogusto speziato molto persistente.<br>
<strong>ABBINAMENTI:</strong>
Vino per occasioni importanti e pasti elaborati. Accompagna superbamente carni rosse, selvaggina, formaggi maturi.<br>

<!-- This site is optimized with the Yoast SEO plugin v27.3 - https://yoast.com/product/yoast-seo-wordpress/ -->
<title>SOLAIA 2015 - Marchesi Antinori - Bottega Vera Orvieto</title>
<meta name="robots" content="index, follow, max-snippet:-1, max-image-preview:large, max-video-preview:-1" />
<link rel="canonical" href="https://www.bottegaveraorvieto.it/en/prodotto/solaia-2015-marchesi-antinori/" />
<meta property="og:locale" content="en_US" />
<meta property="og:type" content="article" />
<meta property="og:title" content="SOLAIA 2015 - Marchesi Antinori - Bottega Vera Orvieto" />
<meta property="og:description" content="SOLAIA 2015 Marchesi Antinori" />
<meta property="og:url" content="https://www.bottegaveraorvieto.it/en/prodotto/solaia-2015-marchesi-antinori/" />
<meta property="og:site_name" content="Bottega Vera Orvieto" />
<meta property="article:publisher" content="https://www.facebook.com/Bottegaveraorvieto/" />
<meta name="twitter:card" content="summary_large_image" />
<meta name="twitter:label1" content="Est. reading time" />
	<meta name="twitter:data1" content="1 minute" />
<script type="application/ld+json" class="yoast-schema-graph">{"@context":"https:\/\/schema.org","@graph":[{"@type":"WebPage","@id":"https:\/\/www.bottegaveraorvieto.it\/en\/prodotto\/solaia-2015-marchesi-antinori\/","url":"https:\/\/www.bottegaveraorvieto.it\/en\/prodotto\/solaia-2015-marchesi-antinori\/","name":"SOLAIA 2015 - Marchesi Antinori - Bottega Vera Orvieto","isPartOf":{"@id":"https:\/\/www.bottegaveraorvieto.it\/#website"},"primaryImageOfPage":{"@id":"https:\/\/www.bottegaveraorvieto.it\/en\/prodotto\/solaia-2015-marchesi-antinori\/#primaryimage"},"image":{"@id":"https:\/\/www.bottegaveraorvieto.it\/en\/prodotto\/solaia-2015-marchesi-antinori\/#primaryimage"},"thumbnailUrl":"https:\/\/www.bottegaveraorvieto.it\/wp-content\/uploads\/2023\/08\/solaia-2015.jpg","datePublished":"2023-08-31T14:26:43+00:00","breadcrumb":{"@id":"https:\/\/www.bottegaveraorvieto.it\/en\/prodotto\/solaia-2015-marchesi-antinori\/#breadcrumb"},"inLanguage":"en-US","potentialAction":[{"@type":"ReadAction","target":["https:\/\/www.bottegaveraorvieto.it\/en\/prodotto\/solaia-2015-marchesi-antinori\/"]}]},{"@type":"ImageObject","inLanguage":"en-US","@id":"https:\/\/www.bottegaveraorvieto.it\/en\/prodotto\/solaia-2015-marchesi-antinori\/#primaryimage","url":"https:\/\/www.bottegaveraorvieto.it\/wp-content\/uploads\/2023\/08\/solaia-2015.jpg","contentUrl":"https:\/\/www.bottegaveraorvieto.it\/wp-content\/uploads\/2023\/08\/solaia-2015.jpg","width":133,"height":380},{"@type":"BreadcrumbList","@id":"https:\/\/www.bottegaveraorvieto.it\/en\/prodotto\/solaia-2015-marchesi-antinori\/#breadcrumb","itemListElement":[{"@type":"ListItem","position":1,"name":"Home","item":"https:\/\/www.bottegaveraorvieto.it\/en\/"},{"@type":"ListItem","position":2,"name":"SOLAIA 2015 &#8211; Marchesi Antinori"}]},{"@type":"WebSite","@id":"https:\/\/www.bottegaveraorvieto.it\/#website","url":"https:\/\/www.bottegaveraorvieto.it\/","name":"Bottega Vera Orvieto","description":"","publisher":{"@id":"https:\/\/www.bottegaveraorvieto.it\/#organization"},"potentialAction":[{"@type":"SearchAction","target":{"@type":"EntryPoint","urlTemplate":"https:\/\/www.bottegaveraorvieto.it\/?s={search_term_string}"},"query-input":{"@type":"PropertyValueSpecification","valueRequired":true,"valueName":"search_term_string"}}],"inLanguage":"en-US"},{"@type":"Organization","@id":"https:\/\/www.bottegaveraorvieto.it\/#organization","name":"Bottega Vèra","url":"https:\/\/www.bottegaveraorvieto.it\/","logo":{"@type":"ImageObject","inLanguage":"en-US","@id":"https:\/\/www.bottegaveraorvieto.it\/#\/schema\/logo\/image\/","url":"https:\/\/www.bottegaveraorvieto.it\/wp-content\/uploads\/2023\/09\/40007778_834510616745002_8068869022210326528_n.jpg","contentUrl":"https:\/\/www.bottegaveraorvieto.it\/wp-content\/uploads\/2023\/09\/40007778_834510616745002_8068869022210326528_n.jpg","width":1000,"height":667,"caption":"Bottega Vèra"},"image":{"@id":"https:\/\/www.bottegaveraorvieto.it\/#\/schema\/logo\/image\/"},"sameAs":["https:\/\/www.facebook.com\/Bottegaveraorvieto\/","https:\/\/www.instagram.com\/bottegaveraorvieto\/"]}]}</script>
<!-- / Yoast SEO plugin. -->

Bottega Vèra
